{"id":1845,"date":"2025-08-22T17:00:00","date_gmt":"2025-08-22T17:00:00","guid":{"rendered":"https:\/\/camparimx.com\/negroniweek\/?page_id=1845"},"modified":"2025-08-22T17:30:37","modified_gmt":"2025-08-22T17:30:37","slug":"cookies","status":"publish","type":"page","link":"https:\/\/camparimx.com\/negroniweek\/cookies\/","title":{"rendered":"POLITICA DE COOKIES"},"content":{"rendered":"\t\t<div data-elementor-type=\"wp-page\" data-elementor-id=\"1845\" class=\"elementor elementor-1845\" data-elementor-post-type=\"page\">\n\t\t\t\t<div class=\"elementor-element elementor-element-19075b2c e-flex e-con-boxed e-con e-parent\" data-id=\"19075b2c\" data-element_type=\"container\">\n\t\t\t\t\t<div class=\"e-con-inner\">\n\t\t\t\t<div class=\"elementor-element elementor-element-4ecb8f63 elementor-widget elementor-widget-spacer\" data-id=\"4ecb8f63\" data-element_type=\"widget\" data-widget_type=\"spacer.default\">\n\t\t\t\t<div class=\"elementor-widget-container\">\n\t\t\t\t\t\t\t<div class=\"elementor-spacer\">\n\t\t\t<div class=\"elementor-spacer-inner\"><\/div>\n\t\t<\/div>\n\t\t\t\t\t\t<\/div>\n\t\t\t\t<\/div>\n\t\t\t\t\t<\/div>\n\t\t\t\t<\/div>\n\t\t<div class=\"elementor-element elementor-element-e5bb8d6 e-flex e-con-boxed e-con e-parent\" data-id=\"e5bb8d6\" data-element_type=\"container\">\n\t\t\t\t\t<div class=\"e-con-inner\">\n\t\t\t\t<div class=\"elementor-element elementor-element-9120b39 elementor-widget elementor-widget-text-editor\" data-id=\"9120b39\" data-element_type=\"widget\" data-widget_type=\"text-editor.default\">\n\t\t\t\t<div class=\"elementor-widget-container\">\n\t\t\t\t\t\t\t\t\t<h1><strong>POLITICA DE COOKIES<\/strong><\/h1>\n<p><strong>\u00bfQU\u00c9 SON LAS COOKIES?<\/strong><\/p>\n<p>Las cookies son peque\u00f1os archivos de texto que se almacenan en su dispositivo cuando visita nuestro sitio web. Estas cookies ayudan a que el sitio web funcione de manera eficiente y mejoren su experiencia de usuario al recordar sus preferencias y actividades.<\/p>\n<p><strong>\u00bfC\u00d3MO USAMOS LAS COOKIES?<\/strong><\/p>\n<p>Le informamos que en nuestro sitio web utilizamos cookies y otras tecnolog\u00edas de seguimiento, a trav\u00e9s de las cuales es posible monitorear su comportamiento como usuario de internet, as\u00ed como brindarle un mejor servicio y experiencia al navegar en nuestra p\u00e1gina. Las utilizamos con los siguientes prop\u00f3sitos:<\/p>\n<ol>\n<li><strong>Cookies Esenciales<\/strong>: Estas cookies son necesarias para el funcionamiento de nuestro sitio web. Sin estas cookies, no podremos ofrecerle los servicios que ha solicitado, como la navegaci\u00f3n por el sitio o el uso de funciones b\u00e1sicas.<\/li>\n<li><strong>Cookies de Rendimiento<\/strong>: Estas cookies recopilan informaci\u00f3n sobre c\u00f3mo los visitantes usan nuestro sitio web, como qu\u00e9 p\u00e1ginas son las m\u00e1s visitadas y si reciben mensajes de error. Utilizamos esta informaci\u00f3n para mejorar el funcionamiento de nuestro sitio.<\/li>\n<li><strong>Cookies de Funcionalidad<\/strong>: Estas cookies permiten que nuestro sitio web recuerde las elecciones que usted realiza (como la regi\u00f3n en la que se encuentra, tipo de navegador, tipo de sistema operativo, fecha y hora del inicio y final de una sesi\u00f3n, b\u00fasquedas realizadas) y proporcionan caracter\u00edsticas mejoradas y m\u00e1s personales.<\/li>\n<\/ol>\n<p>Adem\u00e1s, nuestros correos electr\u00f3nicos pueden contener p\u00edxeles de seguimiento que identifican si y cu\u00e1ndo ha abierto un correo electr\u00f3nico que le hemos enviado, cu\u00e1ntas veces lo ha le\u00eddo y si ha hecho clic en alg\u00fan enlace en ese correo electr\u00f3nico. Esto nos ayuda a entender si ha abierto y le\u00eddo alg\u00fan correo electr\u00f3nico administrativo importante que le podr\u00edamos enviar. La mayor\u00eda de los clientes de correo electr\u00f3nico populares le permitir\u00e1n bloquear estos p\u00edxeles desactivando ciertas im\u00e1genes externas en los correos electr\u00f3nicos. Puede hacer esto a trav\u00e9s de la configuraci\u00f3n en su cuenta de correo electr\u00f3nico, que generalmente le da la opci\u00f3n de elegir si los correos electr\u00f3nicos mostrar\u00e1n im\u00e1genes remotas, contenido remoto o im\u00e1genes de forma predeterminada. Algunos navegadores tambi\u00e9n le ofrecen la opci\u00f3n de descargar e instalar extensiones que bloquean p\u00edxeles y otras tecnolog\u00edas de seguimiento.<\/p>\n<p><strong>\u00bfC\u00d3MO GESTIONAR LAS COOKIES?<\/strong><\/p>\n<p>Puede gestionar las cookies a trav\u00e9s de la configuraci\u00f3n de su navegador. La mayor\u00eda de los navegadores le permiten rechazar o aceptar cookies, as\u00ed como eliminar las cookies ya almacenadas en su dispositivo. Tenga en cuenta que, si desactiva las cookies, es posible que algunas partes de nuestro sitio web no funcionen correctamente.<\/p>\n<p>A continuaci\u00f3n, le proporcionamos informaci\u00f3n sobre c\u00f3mo gestionar las cookies en algunos de los navegadores m\u00e1s populares:<\/p>\n<ul>\n<li><strong>Google Chrome<\/strong>: Vaya a Configuraci\u00f3n &gt; Privacidad y seguridad &gt; Cookies y otros datos de sitios. Desde aqu\u00ed, podr\u00e1 gestionar las cookies.<\/li>\n<li><strong>Mozilla Firefox<\/strong>: Vaya a Opciones &gt; Privacidad y Seguridad &gt; Cookies y Datos del Sitio.<\/li>\n<li><strong>Safari:<\/strong> Vaya a Preferencias &gt; Privacidad &gt; Administrar los datos de los sitios web.<\/li>\n<\/ul>\n<p>Si necesita m\u00e1s informaci\u00f3n sobre c\u00f3mo gestionar cookies en su navegador, consulte la secci\u00f3n de ayuda del navegador que utilice.<\/p>\n<p><strong>CAMBIOS A ESTA POL\u00cdTICA DE COOKIES<\/strong><\/p>\n<p>Nos reservamos el derecho de actualizar esta Pol\u00edtica de Cookies en cualquier momento. Le notificaremos sobre cualquier cambio publicando la nueva pol\u00edtica en nuestro Sitio. Le recomendamos que revise esta pol\u00edtica peri\u00f3dicamente para estar informado sobre c\u00f3mo estamos utilizando las cookies, especialmente si son cambios importantes que podr\u00edan afectar su experiencia de navegaci\u00f3n.<\/p>\n<p><strong>CONTACTO<\/strong><\/p>\n<p>Si tiene alguna pregunta sobre nuestra Pol\u00edtica de Cookies, puede ponerse en contacto con nosotros a trav\u00e9s del siguiente correo electr\u00f3nico: contacto@crantzandstern.com<\/p>\n<p><strong>FECHA DE \u00daLTIMA ACTUALIZACI\u00d3N<\/strong>: Agosto 2025.<\/p>\n<p>\u00a0<\/p>\t\t\t\t\t\t\t\t<\/div>\n\t\t\t\t<\/div>\n\t\t\t\t\t<\/div>\n\t\t\t\t<\/div>\n\t\t\t\t<\/div>\n\t\t","protected":false},"excerpt":{"rendered":"<p>POLITICA DE COOKIES \u00bfQU\u00c9 SON LAS COOKIES? Las cookies son peque\u00f1os archivos de texto que se almacenan en su dispositivo cuando visita nuestro sitio web. Estas cookies ayudan a que el sitio web funcione de manera eficiente y mejoren su experiencia de usuario al recordar sus preferencias y actividades. \u00bfC\u00d3MO USAMOS LAS COOKIES? Le informamos [&hellip;]<\/p>\n","protected":false},"author":1,"featured_media":0,"parent":0,"menu_order":0,"comment_status":"closed","ping_status":"closed","template":"elementor_header_footer","meta":{"footnotes":""},"class_list":["post-1845","page","type-page","status-publish","hentry"],"_links":{"self":[{"href":"https:\/\/camparimx.com\/negroniweek\/wp-json\/wp\/v2\/pages\/1845","targetHints":{"allow":["GET"]}}],"collection":[{"href":"https:\/\/camparimx.com\/negroniweek\/wp-json\/wp\/v2\/pages"}],"about":[{"href":"https:\/\/camparimx.com\/negroniweek\/wp-json\/wp\/v2\/types\/page"}],"author":[{"embeddable":true,"href":"https:\/\/camparimx.com\/negroniweek\/wp-json\/wp\/v2\/users\/1"}],"replies":[{"embeddable":true,"href":"https:\/\/camparimx.com\/negroniweek\/wp-json\/wp\/v2\/comments?post=1845"}],"version-history":[{"count":10,"href":"https:\/\/camparimx.com\/negroniweek\/wp-json\/wp\/v2\/pages\/1845\/revisions"}],"predecessor-version":[{"id":1858,"href":"https:\/\/camparimx.com\/negroniweek\/wp-json\/wp\/v2\/pages\/1845\/revisions\/1858"}],"wp:attachment":[{"href":"https:\/\/camparimx.com\/negroniweek\/wp-json\/wp\/v2\/media?parent=1845"}],"curies":[{"name":"wp","href":"https:\/\/api.w.org\/{rel}","templated":true}]}}